In base 10, what is -3 + -518217?
-518220
In base 2, what is -100 - 1110010010100111011?
-1110010010100111111
In base 10, what is 6 + -12749?
-12743
In base 13, what is 4 - a7371?
-a736a
In base 5, what is 33 + 30014?
30102
In base 14, what is -52 - -1d63?
1d11
In base 15, what is -1d + -4d3e1?
-4d40e
In base 16, what is -179 - 4?
-17d
In base 14, what is 18406 - -d?
18415
In base 5, what is -14130 - -143?
-13432
In base 6, what is 4 + 1114554?
1115002
In base 13, what is 5334 + -99?
5268
In base 9, what is 270 - -324?
604
In base 11, what is 8657 - -96?
8742
In base 6, what is 100254 + 211?
100505
In base 2, what is 1010000111 - -10101100?
1100110011
In base 2, what is 110111101000101 + -110111?
110111100001110
In base 14, what is -6c79 - -9?
-6c70
In base 7, what is 6 + 550162?
550201
In base 11, what is -4 + -97017?
-97020
In base 11, what is -16a38 - -7?
-16a31
In base 9, what is 1462 + 280?
1752
In base 8, what is -4 + 100675?
100671
In base 13, what is 5608 + 0?
5608
In base 13, what is -1 - 10c1c?
-10c20
In base 6, what is -51253 + 0?
-51253
In base 8, what is 5642563 + 2?
5642565
In base 9, what is -5 + -12735?
-12741
In base 16, what is 4d3f - -1?
4d40
In base 4, what is 1 + -13030121?
-13030120
In base 5, what is 22 - 102322?
-102300
In base 4, what is -200023200 + -10?
-200023210
In base 7, what is 4 - -60565?
60602
In base 13, what is -34 - 563?
-597
In base 12, what is 26 + 879?
8a3
In base 14, what is -7 - -28a1?
2898
In base 10, what is -229946 - 4?
-229950
In base 5, what is 214333 + 131?
220014
In base 3, what is 200200210210 - 2?
200200210201
In base 15, what is 1653c - 0?
1653c
In base 4, what is 102 + -22322033?
-22321331
In base 9, what is 124511 - -6?
124517
In base 4, what is 10 + -30333303?
-30333233
In base 2, what is 1001 - 101110100111?
-101110011110
In base 13, what is -43a59 + -a?
-43a66
In base 15, what is 0 + 7124c?
7124c
In base 11, what is 12a + 4420?
454a
In base 16, what is -1e2a + -3?
-1e2d
In base 13, what is -1b - -6a8b?
6a70
In base 11, what is -23728 - a?
-23737
In base 3, what is 122110 - -200?
200010
In base 7, what is 2163 + -204?
1656
In base 2, what is -1101001111111000111 - 10?
-1101001111111001001
In base 3, what is -220201101 - 1102?
-220202210
In base 10, what is -3 - 325599?
-325602
In base 14, what is 297b1 + -1?
297b0
In base 4, what is 310111201 + -10?
310111131
In base 16, what is 19 - f0cd?
-f0b4
In base 2, what is -1010111 + -1101111101011?
-1110001000010
In base 4, what is -3233111 - -131?
-3232320
In base 5, what is -332101 - -112?
-331434
In base 8, what is -4 + 321344?
321340
In base 3, what is 101000210 - 111?
101000022
In base 9, what is 4 - 6510?
-6505
In base 3, what is 0 + -120002001?
-120002001
In base 11, what is 5192 + -35?
5158
In base 10, what is -2 - 5499?
-5501
In base 15, what is -92ca5 + -4?
-92ca9
In base 16, what is -2 - 14aec7?
-14aec9
In base 13, what is 414 + 14?
428
In base 7, what is -150 - 663?
-1143
In base 4, what is 1210 + -1112112?
-1110302
In base 8, what is 1022 + -10?
1012
In base 11, what is -2 + -1689a0?
-1689a2
In base 5, what is 12143 + 24101?
41244
In base 16, what is -c01b3 - -2?
-c01b1
In base 11, what is 5 + 753398?
7533a2
In base 6, what is 20100 - -15?
20115
In base 10, what is -4 + 55605?
55601
In base 6, what is -12 - -404225?
404213
In base 16, what is 2 - -c9a58?
c9a5a
In base 16, what is -619 + 63?
-5b6
In base 8, what is -120 + -12560?
-12700
In base 16, what is 17ae - -19?
17c7
In base 6, what is 133 + -1233533?
-1233400
In base 15, what is ca - -2e1?
3bb
In base 2, what is -1110101110 - -10111111?
-1011101111
In base 6, what is -223 - 545?
-1212
In base 12, what is 11a74 - 8?
11a68
In base 9, what is -1356432 + -2?
-1356434
In base 10, what is -447 - -3740?
3293
In base 16, what is 1d + -139a?
-137d
In base 6, what is -22521 + 151?
-22330
In base 2, what is -1111101 - -10011001?
11100
In base 7, what is 10 + -4020?
-4010
In base 14, what is 2 - a207?
-a205
In base 7, what is -10415 - 245?
-10663
In base 11, what is -2305 - -415?
-19a0
In base 16, what is 3 + -8ce2?
-8cdf
In base 11, what is a2904 - 2?
a2902
In base 16, what is -366 + b?
-35b
In base 6, what is -2004210 + -25?
-2004235
In base 13, what is -11c + 17?
-105
In base 9, what is 21337 + -3?
21334
In base 3, what is -2010201 + -1022?
-2012000
In base 6, what is -1202540 + 5?
-1202531
In base 15, what is 317 - 24a?
bc
In base 7, what is -21635156 + -2?
-21635161
In base 15, what is -1 - -2373e?
2373d
In base 4, what is 1023 - 2233202?
-2232113
In base 15, what is -257 + -125?
-37c
In base 5, what is -104314 - -141?
-104123
In base 12, what is 11 - b207?
-b1b6
In base 12, what is 843 + 102?
945
In base 5, what is -103421 + -2?
-103423
In base 15, what is -1 + 20e11?
20e10
In base 14, what is 2c88a7 - 2?
2c88a5
In base 12, what is -610 - -b6?
-516
In base 8, what is 2 - 260653?
-260651
In base 4, what is -11 + 10120212?
10120201
In base 11, what is -36399 + -2?
-363a0
In base 3, what is 1001 + 100?
1101
In base 14, what is -ad1366 - -4?
-ad1362
In base 2, what is -101111011101111111011 + -11?
-101111011101111111110
In base 7, what is -416160 + -5?
-416165
In base 5, what is -20 + 241232?
241212
In base 7, what is -4 + 606121?
606114
In base 5, what is 131141 - 41?
131100
In base 10, what is 2 - 104135?
-104133
In base 10, what is 1 - 25708?
-25707
In base 13, what is 2 + -145c4?
-145c2
In base 2, what is -1001001110111 - 1000?
-1001001111111
In base 4, what is 33 - 1110231?
-1110132
In base 14, what is c4a3 + -1d?
c484
In base 14, what is -4 - -2c69b?
2c697
In base 12, what is 123 + -1190?
-1069
In base 10, what is 0 + -1509?
-1509
In base 6, what is 4 - -133230?
133234
In base 15, what is -9b + -175?
-221
In base 6, what is -22 - 22155?
-22221
In base 10, what is -139904 + -4?
-139908
In base 6, what is -2144 - -13?
-2131
In base 8, what is 10 - 157147?
-157137
In base 10, what is 430 - -4?
434
In base 4, what is 3 + 1123033222?
1123033231
In base 10, what is -6 - -29343?
29337
In base 2, what is 11001111001 - 10000100111?
1001010010
In base 14, what is 42 + 3033?
3075
In base 5, what is 133 + 1034111?
1034244
In base 13, what is -2b15 - -75?
-2a70
In base 14, what is 63 + -5d8?
-575
In base 11, what is -3 - 5476?
-5479
In base 11, what is -48 + 10?
-38
In base 9, what is 17 + -55856?
-55838
In base 9, what is -725 - 403?
-1228
In base 6, what is -33 - -121345?
121312
In base 11, what is 47 + -2302?
-2266
In base 4, what is 13 - -12333011?
12333030
In base 8, what is 207254 - 4?
207250
In base 5, what is 120 - -3011022?
3011142
In base 13, what is 1439 + -4?
1435
In base 14, what is 1 - -148ca?
148cb
In base 16, what is 7c - -5f2?
66e
In base 2, what is -110001 - 1011111000?
-1100101001
In base 12, what is -4 + a5158?
a5154
In base 15, what is 1859 - 13?
1846
In base 16, what is 5 + 2b3?
2b8
In base 4, what is -330002 + 33?
-323303
In base 11, what is -29 + 10522?
104a4
In base 10, what is 3 - 17781?
-17778
In base 11, what is 5110 - 11?
50aa
In base 3, what is 1001 - -11121220202?
11121221210
In base 8, what is 1043 + -55?
766
In base 2, what is 10111011010000010 + -10?
10111011010000000
In base 9, what is -65 + -13321?
-13386
In base 10, what is 12439 + 227?
12666
In base 3, what is 0 + -10002012011?
-10002012011
In base 13, what is 4c73 - -4?
4c77
In base 14, what is -1 - -53918?
53917
In base 10, what is 50 - -1387?
1437
In base 15, what is 5 - 23500?
-234ea
In base 8, what is -6023 - 45?
-6070
In base 10, what is 123 - -384?
507
In base 13, what is 5 - -3801?
3806
In base 16, what is 10 + -1188?
-1178
In base 11, what is -61739 - 5?
-61743
In base 4, what is 132222211 - -10?
132222221
In base 10, what is -3 + -172928?
-172931
In base 2, what is 10111101100000 + 110101101?
11000100001101
In base 15, what is bc55 - 1?
bc54
In base 12, what is -9a1 - -75?
-928
In base 2, what is 10 - 100001010111110?
-100001010111100
In base 7, what is 44021 + 13?
44034
In base 16, what is -1 + 1589?
1588
In base 3, what is 2212000 - 1001?
2210222
In base 14, what is 1501 - -14a?
164b
In base 16, what is 7 - 2919e?
-29197
In base 9, what is -1004 - -28?
-865
In base 9, what is 0 - 51430?
-51430
In base 10, what is -4 - -32669?
32665
In base 12, what is 7882 - 5?
7879
In base 8, what is 3 + -